alse
Is 11183625 a multiple of 1125?
True
Does 3 divide 61486376?
False
Is 116 a factor of 36890846?
False
Is 1939914 a multiple of 1687?
False
Is 35118180 a multiple of 1332?
True
Is 31446090 a multiple of 255?
True
Does 352 divide 1451701613?
False
Does 1349 divide 38175351?
True
Is 19009602 a multiple of 6?
True
Is 3290 a factor of 104447630?
True
Is 207 a factor of 582127056?
True
Is 650 a factor of 25813557?
False
Is 10 a factor of 40064450?
True
Does 322 divide 174959988?
True
Is 98142371 a multiple of 8?
False
Is 249230280 a multiple of 104?
True
Is 1783748 a multiple of 3?
False
Does 74 divide 48735734?
True
Is 898770040 a multiple of 535?
True
Is 6140222 a multiple of 49?
False
Does 173 divide 666216594?
False
Does 312 divide 9122257?
False
Is 164 a factor of 399528108?
True
Is 187094880 a multiple of 336?
True
Is 506664977 a multiple of 126?
False
Is 59536 a multiple of 8?
True
Does 136 divide 13882064?
True
Is 44 a factor of 162555089?
False
Is 2428 a factor of 161241737?
False
Does 358 divide 13829898?
True
Is 14478 a factor of 2759521278?
True
Does 1945 divide 763975072?
False
Is 91347440 a multiple of 5?
True
Is 6 a factor of 18378448?
False
Is 4 a factor of 885912246?
False
Is 99463 a multiple of 5?
False
Is 1309876036 a multiple of 49?
True
Is 606 a factor of 144302349?
False
Does 299 divide 10007530?
True
Does 66 divide 111950020?
False
Is 45085015 a multiple of 205?
False
Is 2674100 a multiple of 65?
True
Is 286348421 a multiple of 5714?
False
Is 80 a factor of 94833904?
False
Does 538 divide 86917956?
False
Is 8 a factor of 5176064?
True
Is 40 a factor of 196987024?
False
Does 4 divide 84512357?
False
Is 4868 a factor of 1693302976?
False
Is 27967767 a multiple of 363?
False
Does 106 divide 107687944?
True
Does 91 divide 254470467?
False
Is 14 a factor of 64025108?
True
Is 7 a factor of 12415020?
False
Does 155 divide 467973684?
False
Is 26 a factor of 2259036?
True
Is 37 a factor of 87595061?
False
Is 194312232 a multiple of 213?
True
Is 154226160 a multiple of 1320?
True
Does 39 divide 734146701?
False
Is 1076327950 a multiple of 103?
False
Does 53 divide 27179326?
False
Is 665 a factor of 587709045?
True
Is 31660460 a multiple of 2204?
True
Does 96 divide 54851712?
True
Does 28 divide 53729980?
False
Is 5899712280 a multiple of 618?
True
Does 151 divide 449136?
False
Does 261 divide 24452347?
False
Does 1053 divide 1723389291?
True
Is 159700894 a multiple of 4?
False
Is 83 a factor of 102911036?
True
Does 17 divide 1362635?
True
Is 1068078938 a multiple of 226?
True
Is 2 a factor of 614286?
True
Does 37 divide 251570881?
True
Does 47 divide 22556475?
True
Is 89 a factor of 77818907?
False
Does 713 divide 3243476928?
True
Is 181177014 a multiple of 6?
True
Is 5125214 a multiple of 60?
False
Does 1432 divide 1255268288?
True
Is 527 a factor of 8325516?
False
Is 209788882 a multiple of 41?
True
Does 2133 divide 1327786101?
True
Is 94 a factor of 10102876?
False
Is 283541251 a multiple of 7?
True
Is 32536319 a multiple of 3218?
False
Is 38179448 a multiple of 23?
True
Does 544 divide 318871584?
True
Does 4 divide 957108168?
True
Is 11 a factor of 747730940?
True
Is 2511297 a multiple of 70?
False
Is 44 a factor of 63012092?
True
Does 25 divide 607970600?
True
Does 55 divide 43908196?
False
Is 54 a factor of 689774130?
True
Does 9 divide 53212230?
True
Is 124102210 a multiple of 34?
True
Does 95 divide 1393318355?
True
Is 82 a factor of 361799342?
False
Does 6 divide 9629355?
False
Is 1170 a factor of 138638484?
False
Is 6853077 a multiple of 217?
True
Does 9 divide 1572237?
True
Is 53 a factor of 9479920?
False
Is 360677628 a multiple of 9?
True
Is 5094066902 a multiple of 6778?
True
Is 11 a factor of 707421?
True
Is 152780006 a multiple of 880?
False
Does 17 divide 216551247?
False
Is 2387 a factor of 6925571901?
False
Is 51745379 a multiple of 47?
False
Is 7 a factor of 42118881?
True
Is 127642502 a multiple of 26?
True
Is 86654106 a multiple of 462?
True
Is 1493223450 a multiple of 100?
False
Does 59 divide 46669924?
False
Is 11 a factor of 25342588?
False
Does 1301 divide 1372555?
True
Is 1321 a factor of 515302014?
False
Is 14 a factor of 85436498?
True
Is 591199599 a multiple of 17?
True
Is 135158278 a multiple of 1114?
True
Does 396 divide 743581?
False
Is 4811744 a multiple of 14?
True
Is 2310569895 a multiple of 15?
True
Is 4 a factor of 2125892?
True
Is 36096790 a multiple of 59?
True
Is 339 a factor of 42237027?
True
Is 1965 a factor of 1351758682?
False
Is 199 a factor of 4470137?
True
Is 51 a factor of 5573331?
True
Is 377040555 a multiple of 186?
False
Is 201769892 a multiple of 46?
True
Does 24 divide 7551168?
True
Is 483 a factor of 618993480?
True
Is 139634998 a multiple of 402?
False
Is 31 a factor of 6869059935?
False
Is 804 a factor of 681612364?
False
Does 10696 divide 4608222035?
False
Is 32953346 a multiple of 83?
False
Is 782266158 a multiple of 162?
False
Is 100058275 a multiple of 19?
True
Does 7747 divide 2226325113?
True
Does 35 divide 67816315?
True
Is 973100960 a multiple of 304?
True
Is 219479842 a multiple of 2?
True
Is 7 a factor of 72266540?
False
Is 198 a factor of 19421226?
True
Does 87 divide 95537049?
True
Is 72 a factor of 41669136?
True
Is 10 a factor of 6369056446?
False
Does 36 divide 206815245?
False
Does 57 divide 56432166?
True
Is 15 a factor of 2318985767?
False
Is 36274290 a multiple of 65?
True
Is 6792900 a multiple of 50?
True
Is 118 a factor of 151062656?
True
Is 3193 a factor of 151108725?
True
Does 199 divide 15055743?
True
Is 5600560 a multiple of 70?
True
Is 1843878396 a multiple of 27?
False
Is 433113671 a multiple of 4384?
False
Is 15 a factor of 27566025?
True
Does 263 divide 130367522?
True
Is 635685561 a multiple of 1791?
False
Is 1195477025 a multiple of 25?
True
Is 152392510 a multiple of 2062?
False
Is 4027549 a multiple of 841?
True
Does 109 divide 185262722?
True
Is 150141886 a multiple of 223?
True
Is 5 a factor of 274877881?
False
Is 1076174 a multiple of 84?
False
Does 32 divide 21458851?
False
Is 376 a factor of 356831896?
True
Does 3377 divide 563492837?
False
Is 11 a factor of 1530039?
False
Does 1531 divide 155081114?
True
Is 31 a factor of 3588436?
True
Is 29 a factor of 84828132?
True
Is 49762570 a multiple of 2530?
True
Is 180 a factor of 9592020?
True
Is 6347133 a multiple of 169?
True
Is 368633747 a multiple of 1867?
False
Is 696667320 a multiple of 1877?
True
Is 635 a factor of 23798036?
False
Does 10298 divide 1114892374?
True
Is 7820324 a multiple of 1634?
True
Is 716 a factor of 154166401?
False
Is 158414160 a multiple of 24?
True
Does 330 divide 2749110540?
True
Is 18 a factor of 10419624?
True
Does 8 divide 46513640?
True
Is 2683 a factor of 182999722?
False
Is 544514674 a multiple of 17?
False
Is 1505 a factor of 1885209210?
False
Is 43948791 a multiple of 51?
True
Is 5782159 a multiple of 109?
False
Is 311014055 a multiple of 2365?
True
Is 27 a factor of 19843974?
True
Does 2298 divide 61190774?
False
Is 348657559 a multiple of 41?
False
Is 245 a factor of 19203476?
False
Does 23 divide 1803320306?
False
Is 125 a factor of 4525375?
True
Is 2752678855 a multiple of 33?
False
Is 765698088 a multiple of 51?
True
Is 1549216290 a multiple of 18?
False
Is 4196 a factor of 45967180?
True
Does 317 divide 186942825?
True
Is 158604425 a multiple of 62?
False
Does 40 divide 326916040?
True
Is 2037 a factor of 33016350?
False
Does 3122 divide 138074961?
False
Does 16 divide 350708304?
True
Does 1980 divide 126603018?
False
Does 310 divide 212875450?
True
Is 154129752 a multiple of 612?
True
Is 508592012 even?
True
Is 2844 a factor of 108393372?
True
Does 32 divide 302169122?
False
Is 335057424 a multiple of 624?
True
Does 244 divide 974935916?
True
Is 7 a factor of 40709613?
True
Is 182 a factor of 109350073?
False
Is 40530392 a multiple of 7?
True
Is 4506941034 a multiple of 771?
False
Does 143 divide 52417651?
True
Is 377889165 a multiple of 434?
False
Is 1791175143 a multiple of 953?
False
Is 9 a factor of 34874793?
True
Does 3652 divide 5866189340?
True
Is 14 a factor of 4780972?
True
Does 524 divide 423511526?
False
Does 1023 divide 879043814?
False
Is 364023770 a multiple of 11?
True
Is 3971231804 a multiple of 3189?
False
Is 39 a factor of 966